186. What is the greatest common divisor of 71 and v?
71
Suppose -4*i = 5*r - 40, 21 = 4*r - i + 2*i. Let t be 1512/243 + r/(-18). What is the highest common factor of 294 and t?
6
Let r be (-14354)/(-2) - (135/5 - 31). Calculate the greatest common divisor of r and 43.
43
Let v be (-8)/7 + 208220/1015. Let j be ((-136)/10)/(8/(-20)). What is the greatest common divisor of j and v?
34
Let o = -767 - -345. Let k = 465 + o. Calculate the greatest common divisor of 129 and k.
43
Let v = 7877 + -7621. Calculate the highest common factor of v and 44.
4
Suppose 2*u = 3*a - 15, 3*a - 6*a - 3*u = 0. Suppose -5*v + 17 = 2*z, 5*z - 89 = 6*v - 3*v. What is the highest common divisor of z and a?
1
Let m be 1/((-5)/3 - -2). Suppose m*h = -5*w + 132, -3*h = -2 - 10. Let r(q) = -1099*q + 2210. Let i be r(2). What is the highest common divisor of w and i?
12
Suppose -301 + 67 = -3*g. Suppose -33 = -3*n + 2*v, -406*n + 403*n + v + 21 = 0. Calculate the greatest common divisor of n and g.
3
Suppose -5*u + 1597 + 1571 = 2*w, 5*w - 7863 = -3*u. Calculate the highest common divisor of 3 and w.
3
Let j be (-7)/(-4)*122/427*5642. Calculate the greatest common factor of 434 and j.
217
Let p be -2 - (184/(-13) + (-32)/(-208)). Suppose -3*m - p - 21 = 0. Let b be (3*m)/((-8)/(-9) - 1). Calculate the greatest common divisor of b and 27.
27
Let j = -426 + 344. Let s be j/(-2)*(70 - 69). What is the greatest common factor of s and 451?
41
Let s be 5*((-24)/(-14))/((-60)/(-504)). Suppose 0 = 5*z + 10, -3*h - h = -z - 902. Suppose 0 = 9*d - h - s. What is the greatest common factor of 297 and d?
33
Let v = -1439573 - -1439590. Let t(z) = -11*z + 2. Let n be t(3). Let b = -14 - n. What is the highest common divisor of v and b?
17
Suppose 4*p + 15 = p, -2*c + 4*p = -232. Let l = c + -79. Suppose 72 = q + 3*q. What is the highest common factor of l and q?
9
Let c be (-9)/27 - 4/((-36)/(-159)). Let q be (c/12)/(1/((-1152)/4)). Calculate the highest common factor of q and 54.
54
Suppose m = -4*f + 407, 88*m = 3*f + 90*m - 299. What is the highest common divisor of 16995 and f?
103
Let g(u) = u**2 - 3*u + 5. Let i be g(7). Suppose -20 + 5 = -5*p. Let h = 162 + p. What is the highest common divisor of h and i?
33
Let y = 2 + -38. Let a = 65 + y. Let v = -15 + a. What is the highest common factor of v and 42?
14
Let k be (-6 - 3) + 9 + (1 - -1). Suppose 5*u + 3*v - k*v = 123, 0 = -3*u + 5*v + 57. Calculate the highest common divisor of 15 and u.
3
Let y(z) = 10*z - 1. Let h be y(1). Let o(a) = 14*a - 65. Let u be o(5). Let v be (-6)/(3/u*310/(-279)). What is the greatest common divisor of v and h?
9
Let o be (-2*6/4)/((-4)/12). Let p be 561/2 + o/90*-5. What is the greatest common factor of 28 and p?
28
Let s(r) = 48 - 52 + 3*r**2 - 3*r - 2*r. Let u be s(-4). Let y be 14*((-75)/(-21) + -3). Calculate the highest common factor of u and y.
8
Suppose 18*v - 944 = 10*v. Let z = v - 115. Let t be 2/(z + (-22)/8). Calculate the greatest common divisor of t and 24.
8
Suppose 73426 = 3*c - 2*d, 2*d - 71980 = -3*c + 1426. Calculate the greatest common factor of c and 38.
38
Let t be 127/(-6) + 3/18. Let y be -2*7/(t/6). Suppose 23 + y = i. Calculate the greatest common divisor of 3 and i.
3
Suppose -d + 1227 = -5*p, 0 = -4*d + 3*p + 1786 + 3190. What is the greatest common factor of d and 2451?
43
Let b = -9358 - -9413. Let f be 10 + 0/(3/3). What is the greatest common divisor of b and f?
5
Suppose 3*l - 31 = -2*o - 9, -4*l + 62 = -2*o. Let d be (-3 - 25)/((-4)/42). Calculate the highest common factor of l and d.
6
Let a(z) = 3*z - 27. Let b(v) = v**3 - 10*v**2 + 2*v - 6. Let p be b(10). Let y be a(p). Suppose 153 + y = 4*x. What is the greatest common factor of 28 and x?
14
Let q be ((-39)/(-2))/((-39)/(-364)). Calculate the greatest common divisor of q and 2506.
14
Let v(r) = -88*r + 979. Let z be v(-26). What is the greatest common divisor of z and 27?
27
Let f(x) = -7*x + 1 + 5 - 6 - 12. Let j be f(-3). Suppose 2*d = 3*i + 204, -2*d + 73 = -i - 127. Calculate the greatest common divisor of j and d.
9
Let l = -58 - -102. Let y = -90 - -95. Let n(g) = g**3 - 6*g**2 + 9*g - 16. Let p be n(y). What is the highest common divisor of p and l?
4
Suppose 327 = -3*i + 1380. Calculate the highest common factor of i and 225.
9
Suppose -t + 5 = 3*o, 2*t + 4*o = 4*t - 10. Suppose 246 - 36 = t*q. Calculate the greatest common factor of q and 12.
6
Suppose 4*x - 344 = 8*x - 2*a, 0 = 5*x - a + 436. Let s be (69/(-2))/(33/x). Calculate the highest common divisor of s and 322.
46
Suppose -11*h = -12*h + 33. Let b = h + -36. Let x be (5/(-4))/((6/32)/b). Calculate the highest common factor of x and 5.
5
Suppose -2*h - 25*t = -26*t - 219, -2*h + 3*t + 217 = 0. Calculate the greatest common divisor of h and 5.
5
Let d = 19 + -7. Let b(h) = -h**2 - 9*h + 93. Suppose p = -179 + 164. Let v be b(p). What is the greatest common divisor of d and v?
3
Let c(x) = 5*x - 20. Let y be c(12). Let t(r) = r**2 - 12*r - 6. Let a be t(8). Let f = a + 54. Calculate the highest common factor of y and f.
8
Suppose 168*t - 103105 = 111095. What is the greatest common factor of t and 3060?
255
Let l(m) = 3*m**2 + m - 5. Let p be l(-4). Suppose -2*w - 3*o + 702 = 0, -3*o + 8*o = w - 351. Calculate the greatest common factor of w and p.
39
Let y(x) = -3*x + 11. Let b be y(2). Suppose 4*q - 38 = -5*i, 3*i + 102 = b*q + 36. What is the greatest common factor of 12 and q?
12
Let y(j) = j**2 - 45*j + 154. Let d be y(19). Let u = 356 + d. Suppose -v - 3*v = -32. What is the highest common factor of u and v?
8
Suppose 4*y = 4*g + 60, 7 = -2*g - 4*y - 5. Let f be g/36 - 685/(-3). Calculate the greatest common factor of f and 12.
12
Suppose -9408 = -91*a + 49*a. What is the greatest common factor of a and 1456?
112
Suppose -5*c - 4*m + 100 = 0, 0 = 21*c - 25*c - 5*m + 71. Let a be (21/35)/((-3)/(-180)). Calculate the highest common divisor of a and c.
12
Suppose -a + 1312 = -660*v + 664*v, 1304 = a - 4*v. What is the greatest common divisor of a and 17331?
327
Suppose -6*r = -5*r. Suppose r = 2*z - 10, 2*j = 5*z - 14 - 1. Suppose 0 = k + j*a - 37, 4*k - 41 + 13 = 4*a. What is the highest common factor of 6 and k?
6
Suppose w = -2 - 2. Let h be (w - (-1 + 1))*34/(-8). Let b be (-750)/(-4) - 4/8. Calculate the greatest common factor of h and b.
17
Suppose -4*b - 459 = -c, 65*b = 2*c + 62*b - 938. Let q be 28/(-8) - -3 - 117/(-6). Calculate the greatest common divisor of q and c.
19
Let n(v) = 36*v - 62. Suppose 12*w = 56 - 32. Let m be n(w). What is the greatest common divisor of 2 and m?
2
Suppose -4*k - 58*z + 2499 = -63*z, 3731 = 6*k - 5*z. Calculate the greatest common factor of 364 and k.
28
Suppose -2*z - 3075*o + 74183 = -3070*o, -5*z = 4*o - 185466. Calculate the highest common factor of 34 and z.
34
Let n = -18911 + 23881. Calculate the highest common factor of 560 and n.
70
Let x(r) = -12*r**3 - 5*r**2 + 4. Let a be x(2). Let j = 224 + a. What is the highest common factor of j and 14?
14
Let h(r) = r**3 - 7*r**2 + r + 12. Let j = 60 - -15. Let b = -67 + j. Let y be h(b). Calculate the highest common factor of 12 and y.
12
Suppose 4*f + 16 = 4*p - 16, 2*f = 5*p - 52. Let d be p/((-4)/(-20) + 12/(-160)). What is the highest common factor of 72 and d?
24
Let d = -1373 - -1593. Calculate the greatest common factor of d and 40.
20
Let w be (0 - 3) + (-16 - -37). Let h = w - 16. Suppose -z - 14 = -h*z. What is the highest common factor of 112 and z?
14
Suppose -33*w - 14 = -26*w. Let y be (14/21)/(w/(-6)). Suppose -u + 6 = y. Calculate the highest common factor of 20 and u.
4
Let q(y) = -674*y - 1936. Let i be q(-8). Calculate the greatest common factor of 162 and i.
54
Suppose -s + m = -6940, 0 = -m - 1 + 9. Calculate the highest common factor of 72 and s.
36
Let x = 906 - 834. Suppose -4*q = -v + 788, -215 = 4*v - 4*q - 3379. Calculate the greatest common divisor of x and v.
72
Let s = 568 - 705. Let a = s + 172. Calculate the highest common factor of 40 and a.
5
Let o(p) = 156*p - 1891. Let g be o(19). What is the greatest common divisor of 703 and g?
37
Let g = 3161 + -1831. What is the highest common divisor of g and 175?
35
Let a be 2 + -2 - -2 - 0. Let r = 394 + -393. Let j be ((-434)/(-28))/31*6*r. Calculate the greatest c